ppose -63 = -2*f + f. What is the remainder when f is divided by j?
11
Suppose 0 = -14*y + 15*y - 161. Let n = 53 + -26. Calculate the remainder when y is divided by n.
26
Let h(d) = d**2 + 7*d + 28. Suppose 3*w - 7 - 11 = 0. Calculate the remainder when h(-7) is divided by w.
4
Let m = -787 - -875. Calculate the remainder when m is divided by 18.
16
Let m(s) = -2*s - 10. Let l be m(-9). Suppose x = -3*x + l. Suppose 2*v - 83 = -5*i, -x*i = 4*v - 2*v - 32. What is the remainder when 50 is divided by i?
16
Let t(g) = -g**2 - 10*g - 10. What is the remainder when -29*(0 - (-1 + 2)) is divided by t(-5)?
14
What is the remainder when 13 is divided by (-6 + 1)/(-1 + (2 - 2))?
3
Let v = 86 - 61. Let a(n) be the first derivative of n**4/4 - n**3 + n**2/2 - 6*n + 3. Calculate the remainder when a(5) is divided by v.
24
Suppose 3*h - h + 2 = -3*l, -h = l. Let i = 91 + -69. Calculate the remainder when i is divided by (h*6)/(-3 - -4).
10
Let l be 1 + (-2)/(-2) - 4. Let k = 3 + l. Suppose -103*h + 104*h = n, n - 2 = -h. What is the remainder when k is divided by n?
0
Let c = -469 - -628. What is the remainder when c is divided by 82?
77
Let b be 1674/(-14) + (-18)/42. Let v = b + 59. Let m = v - -100. Calculate the remainder when m is divided by 10.
9
Suppose 3*a = -4*k + 2195, 6*a - 3*a = -5*k + 2200. Calculate the remainder when a is divided by 52.
49
Suppose -2*b + 11 = 3*q - 7*b, -5*q = 5*b - 5. Suppose q*y + 26 = 4*y. Suppose 0 = -5*w + 6*w - y. Calculate the remainder when w is divided by 4.
1
Suppose 0 = -5*r + 18 + 7, c - 38 = -5*r. Suppose -15 = -4*v + 3*k, 4*v - 4*k + 36 = 8*v. Calculate the remainder when -226*(-5)/30 - (-2)/v is divided by c.
12
Suppose -41 = -4*i - 13. Suppose -3*k + 6 = -0. Suppose 2*h = -k*j + 90, 0 = h + 2. Calculate the remainder when j is divided by i.
5
Suppose 0 = 4*f + 5*s - 316, 4*f - 236 = -2*s + 92. What is the remainder when f/(-10)*(-3 + (-27)/6) is divided by 8?
7
Let x = -36 - -51. Calculate the remainder when 71 is divided by x.
11
Let c be (2 - 3)/(1/(-31)). Let t = c - -14. What is the remainder when t is divided by 24?
21
Suppose -l + 16*l = 105. Calculate the remainder when 125 is divided by l.
6
Let r(n) = n**3 - 23*n**2 + 22*n + 2. Calculate the remainder when 5 is divided by r(22).
1
Suppose 6 + 18 = -4*h. What is the remainder when (-17)/(0 + 1)*h is divided by 27?
21
Suppose -3*n - m = -4*m - 90, 0 = n + m - 30. What is the remainder when 294 is divided by n?
24
Let z(t) = -t**3 - 10*t**2 - 2*t - 11. Let l(a) = 9*a**2 + 5*a - 4. Let f be l(3). Let i be 8/36 + f/(-9). Calculate the remainder when z(i) is divided by 3.
0
Suppose 3*u - 1370 + 11 = 0. What is the remainder when u is divided by 65?
63
Suppose -58 = 3*c - 220. Calculate the remainder when 156 is divided by c.
48
Let a(o) = 3*o**2 - 15*o + 4. Let r = -32 + 39. Calculate the remainder when 182 is divided by a(r).
44
What is the remainder when 1/((-10)/(-118)*7/35) is divided by 20?
19
Let m(t) = -3*t + 6. Let d be m(-13). Let z = d + -38. What is the remainder when 11 is divided by z?
4
Let o = -8 - -25. Let z be ((-48)/(-36))/(1/3). Suppose -n = a - 63, z*a = 3*a + n + 71. What is the remainder when a is divided by o?
16
Let f = 198 - 100. Calculate the remainder when f is divided by 25.
23
Let r = 5 + 2. Suppose 4*s = 69 + r. What is the remainder when -2 - (-77 + (-3)/(-3)) is divided by s?
17
Suppose 0 = -4*n + 5*o - 8, 24 - 2 = -2*n - 2*o. Calculate the remainder when 8/(-28) - (0 - (-268)/n) is divided by 14.
10
Suppose 2*f = 26*f - 4272. Calculate the remainder when f is divided by 36.
34
Let t(u) = 8*u**2 + u**3 - 42*u + 17*u + 7 + 24*u. Calculate the remainder when 85 is divided by t(-8).
10
Let k(w) = w + 6. Let x be k(-9). What is the remainder when 27*((-4)/x)/4 is divided by 5?
4
Let h = 43 + -18. What is the remainder when h is divided by (-93)/(-155) - (-124)/10?
12
Suppose 39*o + 18*o = -3*o + 1560. Let l(g) = -g**3 + 4*g**2 + 4*g. Calculate the remainder when l(-3) is divided by o.
25
Suppose -5*z - 100 = -3*v, -2*v - 2*z - z = -73. Calculate the remainder when v is divided by (38*27/(-18))/(-3).
16
Suppose 0 = 4*h - 5*w - 67, 71 = 5*h - 0*w - 2*w. Let c be (0 - -2 - 8)/1. What is the remainder when (-1593)/(-45) + c/(-10) is divided by h?
10
Suppose 4*v = -2 + 14. Let l = 15 - v. Suppose -q + 17 = d - 12, -4*q + 3*d = -144. Calculate the remainder when q is divided by l.
9
Let v = 876 - 677. Calculate the remainder when v is divided by 10.
9
Let b = 22 + -22. Let i be -2 + b - (1 + -2). Let r(w) = 17*w**2 - w. Calculate the remainder when r(i) is divided by 11.
7
Suppose 3*z + 88 = 4*p + 6*z, -4*p - 5*z = -96. Suppose 5*i = -50*t + 52*t + 147, 3*i + 4*t = 109. Calculate the remainder when i is divided by p.
12
Let o(h) = h**2 + 23*h + 187. Suppose 9 = -4*c + 49. Calculate the remainder when o(-10) is divided by c.
7
Suppose -4*z + 14 + 6 = 0. Suppose -7 = -i - 2*u, 0*i + 2*i = -z*u + 12. Calculate the remainder when 65 is divided by i.
10
Suppose 0 = -4*f + 6*f - 90. What is the remainder when 103 is divided by f?
13
Suppose 0 = 36*c - 157 - 95. Calculate the remainder when 118/4 + (-1)/(-2) is divided by c.
2
Let y(d) = -2*d**3 - 5*d**2 - 3*d - 3. Let p be y(-3). Let b = -12 + p. Calculate the remainder when 27 is divided by b/(-21) - (-297)/21.
13
Let n = -116 + 135. Calculate the remainder when 70 is divided by n.
13
Suppose -406 = -5*m - 2*a, 20*m + 5*a = 19*m + 72. What is the remainder when 240 is divided by m?
76
Suppose -8 = -2*g, 11 = -3*p + 5*g - 3. Suppose -f = -4*f + p*d + 45, 0 = -5*f + d + 82. What is the remainder when 44 is divided by f?
10
Suppose 0 = 5*t + 3*j - 6, -t - 2*j - 3 = -0*j. Let q = 57 - 42. What is the remainder when 2/t*(-87)/(-2) is divided by q?
14
Calculate the remainder when 394/(((-7)/(-21))/((-4)/(-24))) is divided by 8.
5
Suppose m = 3*x + 70, 5*m = -80*x + 84*x + 383. What is the remainder when 225 is divided by m?
67
Let f(v) = -27*v - 44. Calculate the remainder when f(-17) is divided by 21.
16
Let h = -44 + 29. Calculate the remainder when 48 is divided by (5/h)/((-3)/117).
9
Suppose -6 = -2*s, 0 = -2*c - 2*s + 8 + 12. Let x = c + 41. Calculate the remainder when x is divided by 13.
9
Let t(k) = -4*k - 84. Let m(l) = -l**2 + 37. Let v be m(8). What is the remainder when 90 is divided by t(v)?
18
Let r = -3313 + 3338. Calculate the remainder when 103 is divided by r.
3
Suppose -955 = 16*k - 3275. Let a = -73 + k. Suppose -5*x + 3*x - 56 = -4*z, 4*x = -3*z + 53. Calculate the remainder when a is divided by z.
12
Let u be 52*(-24)/(-28) + (-4)/7. Let c = 54 - u. Calculate the remainder when c is divided by 4.
2
Let o be -7 + 1 + 2/1. Let p = o + 7. What is the remainder when p is divided by (-3)/12*(1 + -13)?
0
Let p(x) = -14*x. Suppose -5*l = 34*r - 31*r - 264, 0 = -5*r - l + 418. Calculate the remainder when r is divided by p(-1).
13
Let o(g) = -6*g + 6 + 8*g - 5*g. Let s be o(7). Calculate the remainder when 4 is divided by s/(-6) + (-6)/12.
0
What is the remainder when 97/((-2)/(-5 - -3)) is divided by 9?
7
Let s(a) = -a**3 + 8*a**2 + 3*a - 5. What is the remainder when s(4) is divided by (1647/(-244))/(6/(-16))?
17
Let d(c) = -c**2 + 15*c + 20. Let l be d(15). Let r = 23 - l. Let g = -33 + 38. What is the remainder when g is divided by r?
2
Let t(m) = -m**2 + 2*m. Let f be t(2). Let q(l) = -l**3 - l**2 + 2*l + 26. What is the remainder when ((-2)/4)/((-3)/300) is divided by q(f)?
24
Let o = -400 + 242. Let c = 202 + o. Calculate the remainder when c is divided by 15.
14
Let p(z) = 14*z**3 + z**2 - 3. Let y be p(-2). Calculate the remainder when 0/(-1) - (2 - 17) is divided by ((-8)/24)/(y/54 + 2).
3
Let g = -34 + 37. Suppose 3*l = -u + 59, -g*l = 3*u - 0*u - 171. Calculate the remainder when u is divided by 10.
6
Suppose 5*q - u - 25 = 0, 3*q = -3*u + 2 - 5. Let o(g) = -g**3 + 8*g**2 - 8*g - 5. Calculate the remainder when o(q) is divided by 7.
6
Calculate the remainder when 9/(18/280) - (1 - 2) is divided by 8.
5
Let h = 11 + -8. What is the remainder when (-62)/(-3) - 2/h is divided by (-4)/(-6)*(5 + (-33)/(-6))?
6
Let m be (2 - (1 + 1)) + 5. Let t(i) = 2*i**2 + 9*i + 16. Calculate the remainder when t(-5) is divided by -1 + 2 + (m - 0).
3
Let a(g) = g**3 - 12*g**2 + 11*g +